{"id":92,"date":"2019-03-14T16:58:27","date_gmt":"2019-03-14T14:58:27","guid":{"rendered":"https:\/\/www.hallandistockholm.se\/web\/?page_id=92"},"modified":"2023-10-22T15:29:28","modified_gmt":"2023-10-22T13:29:28","slug":"start","status":"publish","type":"page","link":"https:\/\/www.hallandistockholm.se\/web\/","title":{"rendered":"V\u00e4lkommen!"},"content":{"rendered":"\n<figure class=\"wp-block-image size-full is-resized\"><img loading=\"lazy\" decoding=\"async\" width=\"960\" height=\"250\" src=\"https:\/\/www.hallandistockholm.se\/web\/wp-content\/uploads\/2022\/03\/logo_orange.jpg\" alt=\"\" class=\"wp-image-253\" style=\"width:880px;height:229px\" srcset=\"https:\/\/www.hallandistockholm.se\/web\/wp-content\/uploads\/2022\/03\/logo_orange.jpg 960w, https:\/\/www.hallandistockholm.se\/web\/wp-content\/uploads\/2022\/03\/logo_orange-300x78.jpg 300w, https:\/\/www.hallandistockholm.se\/web\/wp-content\/uploads\/2022\/03\/logo_orange-768x200.jpg 768w\" sizes=\"auto, (max-width: 960px) 100vw, 960px\" \/><figcaption class=\"wp-element-caption\">V\u00e4lkommen till den nya hemsidan f\u00f6r F\u00f6reningen Hall\u00e4nningar i Stockholm.<\/figcaption><\/figure>\n\n\n\n<p>F\u00f6reningen \u00e4r \u00f6ppen f\u00f6r oss alla som har sina r\u00f6tter i Halland eller p\u00e5 annat s\u00e4tt har en s\u00e4rskild anknytning till den hall\u00e4ndska kulturen.<\/p>\n\n\n\n<p>Hallandsf\u00f6reningen har \u00e5rligen tv\u00e5 aktiviteter, n\u00e4mligen <a href=\"https:\/\/www.hallandistockholm.se\/web\/aktiviteter\/gronkalsafton\/\" data-type=\"page\" data-id=\"66\">Gr\u00f6nk\u00e5lsaftonen<\/a> runt 1 december och <a href=\"https:\/\/www.hallandistockholm.se\/web\/aktiviteter\/arsmote\/\" data-type=\"page\" data-id=\"68\">\u00c5rsm\u00f6tet\/V\u00e5rmiddagen<\/a> runt 1 april.  L\u00e4s mer om detta under <a href=\"https:\/\/www.hallandistockholm.se\/web\/aktiviteter\/\" data-type=\"page\" data-id=\"40\">Aktiviteter<\/a>.<\/p>\n\n\n\n<p>F\u00f6reningen har en snart hundra\u00e5rig historia. Den grundades \u00e5r 1926 och har under \u00e5ren g\u00e5tt samman med andra hallandsf\u00f6reningar i Stockholm. 2013 skedde en sammanslagning med f\u00f6reningen Halmstadsl\u00e4rljungar i Stockholm. L\u00e4s mer om detta under rubriken <a href=\"https:\/\/www.hallandistockholm.se\/web\/forening\/historik\/\" data-type=\"page\" data-id=\"133\">Historik<\/a>.  <\/p>\n\n\n\n<p>F\u00f6reningen har en egen Facebooksida (<a href=\"https:\/\/www.facebook.com\/Hallandistockholm\">www.facebook.com\/Hallandistockholm<\/a>).<\/p>\n\n\n\n<p>H\u00e4r hittar vad som \u00e4r <a href=\"https:\/\/www.hallandistockholm.se\/web\/aktuellt\/\">aktuellt<\/a> just nu.<\/p>\n\n\n\n<p>Du \u00e4r v\u00e4lkommen att <a href=\"https:\/\/www.hallandistockholm.se\/web\/forening\/bli-medlem\/\" data-type=\"page\" data-id=\"64\">bli medlem<\/a> i f\u00f6reningen.<br><br>Under <a href=\"https:\/\/www.hallandistockholm.se\/web\/forening\/kontakta-oss\/\" data-type=\"page\" data-id=\"12\">Kontakta oss<\/a> hittar du v\u00e5ra kontaktuppgifter! <\/p>\n\n\n\n<p><\/p>\n\n\n\n<p>  <\/p>\n","protected":false},"excerpt":{"rendered":"<p>F\u00f6reningen \u00e4r \u00f6ppen f\u00f6r oss alla som har sina r\u00f6tter i Halland eller p\u00e5 annat s\u00e4tt har en s\u00e4rskild anknytning[&#8230;]<\/p>\n","protected":false},"author":1,"featured_media":0,"parent":0,"menu_order":0,"comment_status":"closed","ping_status":"closed","template":"","meta":{"footnotes":""},"class_list":["post-92","page","type-page","status-publish","hentry"],"_links":{"self":[{"href":"https:\/\/www.hallandistockholm.se\/web\/wp-json\/wp\/v2\/pages\/92","targetHints":{"allow":["GET"]}}],"collection":[{"href":"https:\/\/www.hallandistockholm.se\/web\/wp-json\/wp\/v2\/pages"}],"about":[{"href":"https:\/\/www.hallandistockholm.se\/web\/wp-json\/wp\/v2\/types\/page"}],"author":[{"embeddable":true,"href":"https:\/\/www.hallandistockholm.se\/web\/wp-json\/wp\/v2\/users\/1"}],"replies":[{"embeddable":true,"href":"https:\/\/www.hallandistockholm.se\/web\/wp-json\/wp\/v2\/comments?post=92"}],"version-history":[{"count":13,"href":"https:\/\/www.hallandistockholm.se\/web\/wp-json\/wp\/v2\/pages\/92\/revisions"}],"predecessor-version":[{"id":318,"href":"https:\/\/www.hallandistockholm.se\/web\/wp-json\/wp\/v2\/pages\/92\/revisions\/318"}],"wp:attachment":[{"href":"https:\/\/www.hallandistockholm.se\/web\/wp-json\/wp\/v2\/media?parent=92"}],"curies":[{"name":"wp","href":"https:\/\/api.w.org\/{rel}","templated":true}]}}

Välkommen!

<figure class="wp-block-image size-full is-resized"><img loading="lazy" decoding="async" width="960" height="250" src="https://www.hallandistockholm.se/web/wp-content/uploads/2022/03/logo_orange.jpg" alt="" class="wp-image-253" style="width:880px;height:229px" srcset="https://www.hallandistockholm.se/web/wp-content/uploads/2022/03/logo_orange.jpg 960w, https://www.hallandistockholm.se/web/wp-content/uploads/2022/03/logo_orange-300x78.jpg 300w, https://www.hallandistockholm.se/web/wp-content/uploads/2022/03/logo_orange-768x200.jpg 768w" sizes="auto, (max-width: 960px) 100vw, 960px" /><figcaption class="wp-element-caption">Välkommen till den nya hemsidan för Föreningen Hallänningar i Stockholm.</figcaption></figure>



<p>Föreningen är öppen för oss alla som har sina rötter i Halland eller på annat sätt har en särskild anknytning till den halländska kulturen.</p>



<p>Hallandsföreningen har årligen två aktiviteter, nämligen <a href="https://www.hallandistockholm.se/web/aktiviteter/gronkalsafton/" data-type="page" data-id="66">Grönkålsaftonen</a> runt 1 december och <a href="https://www.hallandistockholm.se/web/aktiviteter/arsmote/" data-type="page" data-id="68">Årsmötet/Vårmiddagen</a> runt 1 april.  Läs mer om detta under <a href="https://www.hallandistockholm.se/web/aktiviteter/" data-type="page" data-id="40">Aktiviteter</a>.</p>



<p>Föreningen har en snart hundraårig historia. Den grundades år 1926 och har under åren gått samman med andra hallandsföreningar i Stockholm. 2013 skedde en sammanslagning med föreningen Halmstadslärljungar i Stockholm. Läs mer om detta under rubriken <a href="https://www.hallandistockholm.se/web/forening/historik/" data-type="page" data-id="133">Historik</a>.  </p>



<p>Föreningen har en egen Facebooksida (<a href="https://www.facebook.com/Hallandistockholm">www.facebook.com/Hallandistockholm</a>).</p>



<p>Här hittar vad som är <a href="https://www.hallandistockholm.se/web/aktuellt/">aktuellt</a> just nu.</p>



<p>Du är välkommen att <a href="https://www.hallandistockholm.se/web/forening/bli-medlem/" data-type="page" data-id="64">bli medlem</a> i föreningen.<br><br>Under <a href="https://www.hallandistockholm.se/web/forening/kontakta-oss/" data-type="page" data-id="12">Kontakta oss</a> hittar du våra kontaktuppgifter! </p>



<p></p>



<p>  </p>

<p>Föreningen är öppen för oss alla som har sina rötter i Halland eller på annat sätt har en särskild anknytning[&#8230;]</p>
