{"id":73,"date":"2019-03-14T16:33:37","date_gmt":"2019-03-14T14:33:37","guid":{"rendered":"https:\/\/www.hallandistockholm.se\/web\/?page_id=73"},"modified":"2023-10-22T16:47:49","modified_gmt":"2023-10-22T14:47:49","slug":"arsmotesprotokoll","status":"publish","type":"page","link":"https:\/\/www.hallandistockholm.se\/web\/forening\/arsmotesprotokoll\/","title":{"rendered":"\u00c5rsm\u00f6tesprotokoll"},"content":{"rendered":"\n<p>F\u00f6ljande \u00e5rsm\u00f6tesprotokoll finns h\u00e4r:<\/p>\n\n\n\n<p class=\"has-text-align-center\">\u00c5rsm\u00f6tesprotokoll 2023 (PDF)<\/p>\n\n\n\n<p class=\"has-text-align-center\">\u00c5rsm\u00f6tesprotokoll 2022 (PDF)<\/p>\n\n\n\n<p class=\"has-text-align-center\">\u00c5rsm\u00f6tesprotokoll 2021 (PDF)<\/p>\n\n\n\n<p class=\"has-text-align-center\">\u00c5rsm\u00f6tesprotokoll 2020 (PDF)<\/p>\n\n\n\n<p class=\"has-text-align-center\">\u00c5rsm\u00f6tesprotokoll 2019 (PDF)<\/p>\n\n\n\n<p class=\"has-text-align-center\">\u00c5rsm\u00f6tesprotokoll 2018 (PDF)<\/p>\n\n\n\n<p class=\"has-text-align-center\">\u00c5rsm\u00f6tesprotokoll 2017 (PDF)<\/p>\n\n\n\n<p class=\"has-text-align-center\">\u00c5rsm\u00f6tesprotokoll 2016 (PDF)<\/p>\n\n\n\n<p class=\"has-text-align-center\">\u00c5rsm\u00f6tesprotokoll 2015 (PDF)<\/p>\n\n\n\n<p class=\"has-text-align-center\">\u00c5rsm\u00f6tesprotokoll 2014 (PDF)<\/p>\n\n\n\n<p class=\"has-text-align-center\">\u00c5rsm\u00f6tesprotokoll 2013 (PDF)<\/p>\n\n\n\n<p class=\"has-text-align-center\">\u00c5rsm\u00f6tesprotokoll 2012 (PDF)<\/p>\n\n\n\n<p class=\"has-text-align-center\">\u00c5rsm\u00f6tesprotokoll 2011 (PDF)<\/p>\n\n\n\n<p class=\"has-text-align-center\">\u00c5rsm\u00f6tesprotokoll 2010 (PDF)<\/p>\n\n\n\n<p class=\"has-text-align-center\">\u00c5rsm\u00f6tesprotokoll 2009 (PDF)<\/p>\n\n\n\n<p class=\"has-text-align-center\">\u00c5rsm\u00f6tesprotokoll 2008 (PDF)<\/p>\n\n\n\n<p class=\"has-text-align-center\">\u00c5rsm\u00f6tesprotokoll 2007 (PDF)<\/p>\n\n\n\n<p class=\"has-text-align-center\">\u00c5rsm\u00f6tesprotokoll 2006 (PDF)<\/p>\n\n\n\n<p class=\"has-text-align-center\"><\/p>\n","protected":false},"excerpt":{"rendered":"<p>F\u00f6ljande \u00e5rsm\u00f6tesprotokoll finns h\u00e4r: \u00c5rsm\u00f6tesprotokoll 2023 (PDF) \u00c5rsm\u00f6tesprotokoll 2022 (PDF) \u00c5rsm\u00f6tesprotokoll 2021 (PDF) \u00c5rsm\u00f6tesprotokoll 2020 (PDF) \u00c5rsm\u00f6tesprotokoll 2019 (PDF) \u00c5rsm\u00f6tesprotokoll[&#8230;]<\/p>\n","protected":false},"author":1,"featured_media":0,"parent":41,"menu_order":4,"comment_status":"closed","ping_status":"closed","template":"","meta":{"footnotes":""},"class_list":["post-73","page","type-page","status-publish","hentry"],"_links":{"self":[{"href":"https:\/\/www.hallandistockholm.se\/web\/wp-json\/wp\/v2\/pages\/73","targetHints":{"allow":["GET"]}}],"collection":[{"href":"https:\/\/www.hallandistockholm.se\/web\/wp-json\/wp\/v2\/pages"}],"about":[{"href":"https:\/\/www.hallandistockholm.se\/web\/wp-json\/wp\/v2\/types\/page"}],"author":[{"embeddable":true,"href":"https:\/\/www.hallandistockholm.se\/web\/wp-json\/wp\/v2\/users\/1"}],"replies":[{"embeddable":true,"href":"https:\/\/www.hallandistockholm.se\/web\/wp-json\/wp\/v2\/comments?post=73"}],"version-history":[{"count":9,"href":"https:\/\/www.hallandistockholm.se\/web\/wp-json\/wp\/v2\/pages\/73\/revisions"}],"predecessor-version":[{"id":321,"href":"https:\/\/www.hallandistockholm.se\/web\/wp-json\/wp\/v2\/pages\/73\/revisions\/321"}],"up":[{"embeddable":true,"href":"https:\/\/www.hallandistockholm.se\/web\/wp-json\/wp\/v2\/pages\/41"}],"wp:attachment":[{"href":"https:\/\/www.hallandistockholm.se\/web\/wp-json\/wp\/v2\/media?parent=73"}],"curies":[{"name":"wp","href":"https:\/\/api.w.org\/{rel}","templated":true}]}}