{"id":68,"date":"2019-03-14T16:31:19","date_gmt":"2019-03-14T14:31:19","guid":{"rendered":"https:\/\/www.hallandistockholm.se\/web\/?page_id=68"},"modified":"2025-07-16T20:05:06","modified_gmt":"2025-07-16T18:05:06","slug":"arsmote","status":"publish","type":"page","link":"https:\/\/www.hallandistockholm.se\/web\/aktiviteter\/arsmote\/","title":{"rendered":"\u00c5rsm\u00f6te \/ V\u00e5rm\u00f6te"},"content":{"rendered":"\n<p><strong>2025<\/strong> \u00e5rsm\u00f6tet h\u00f6lls den 19:e mars p\u00e5 Grillska Huset i Gamla Stan. \u00c5rets f\u00f6redragsh\u00e5llare var justitier\u00e5det hos H\u00f6gsta Domstolen <strong>Stefan Johansson<\/strong>. <br>* \u00c5rsm\u00f6tetsprotokoll 2025<br>* Verksamhetsber\u00e4ttelse 2025<\/p>\n\n\n\n<p><strong>2024<\/strong> \u00e5rsm\u00f6tet h\u00f6lls den 17:e april p\u00e5 Nikolaisalen p\u00e5 Sj\u00e4lag\u00e5rdsgatan i Gamla Stan. Kv\u00e4llens f\u00f6redragsh\u00e5llare var <strong>Mikael &#8221;Micke Syd&#8221; Andersson<\/strong> fr\u00e5n Gyllene Tider.<br>* \u00c5rsm\u00f6tetsprotokoll 2024<br>* Verksamhetsber\u00e4ttelse 2024<\/p>\n\n\n\n<p><strong>2023<\/strong> \u00e5rsm\u00f6tet h\u00f6lls den 29:a mars p\u00e5 Restaurante Grappa p\u00e5 St Eriksgatan 86. Kv\u00e4llens f\u00f6redragsh\u00e5llare var entrepren\u00f6r <strong>Ulf Mazur<\/strong>, Stockholmaren med l\u00e5ng erfarhet i Falkenberg, b\u00e5de som f\u00f6rs\u00e4ljnings-direkt\u00f6r p\u00e5 Falcon\/Carlsberg och som VD f\u00f6r 2Entertain ett f\u00f6retag i n\u00f6jesbranschen. Sedan 2013 driver Ulf Matpriskollen.<br>* <a href=\"https:\/\/www.hallandistockholm.se\/web\/wp-content\/uploads\/2023\/11\/Arsmotesprotokoll_2023.pdf\" data-type=\"attachment\" data-id=\"333\">\u00c5rsm\u00f6tesprotokoll 2023<\/a><br>* <a href=\"https:\/\/www.hallandistockholm.se\/web\/wp-content\/uploads\/2023\/11\/Verksamhetsberattelse_2022.pdf\" data-type=\"attachment\" data-id=\"331\">Verksamhetsber\u00e4ttelse 2022<\/a><\/p>\n\n\n\n<p><strong>2022<\/strong> \u00e5rsm\u00f6tet h\u00f6lls den 31:a mars i Odd Fellow huset p\u00e5 V\u00e4stra Tr\u00e4dg\u00e5rdsgatan. Utvecklingschefen p\u00e5 Dagens Nyheter, <strong>Martin J\u00f6nsson<\/strong> h\u00f6ll ett intressant f\u00f6redrag om tidningens utveckling fr\u00e5n papperstidning till digitala medier.<br>* <a href=\"https:\/\/www.hallandistockholm.se\/web\/forening\/protokoll\/\">\u00c5rsm\u00f6tesprotokoll 2022<\/a><br>* <a href=\"https:\/\/www.hallandistockholm.se\/web\/forening\/verksamhetsberattelse\/\">Verksamhetsber\u00e4ttelse 2021<\/a><\/p>\n\n\n\n<p><strong>2021<\/strong> \u00c5rets \u00e5rsm\u00f6te kombinerades med \u00e5rets Gr\u00f6nk\u00e5lsafton och \u00e4gde rum den 1 december hos Stadsmissionen i Gamla Stan. Riksdagsledamoten <strong>Jennie Nilsson<\/strong> talade om sin personliga utvecklingsresa fr\u00e5n v\u00e5rdbitr\u00e4de i Hylte kommun till Sveriges Riksdag.<br>* Mer information och inbjudan<br>* \u00c5rsm\u00f6tesprotokoll 2021<\/p>\n\n\n\n<p><strong>2020<\/strong> planerades \u00e5rsm\u00f6tet till den 29 maj. \u00c5rsm\u00f6tet blev inst\u00e4llt pga den r\u00e5dande Covid-pandemin.<\/p>\n\n\n\n<p><strong>2019<\/strong> \u00e4gde \u00e5rsm\u00f6tet traditionsenligt rum i Odd Fellowhuset, V\u00e4stra Tr\u00e4dg\u00e5rdsgatan. Inbjuden talare var <strong>Sven-\u00c5ke Hedstr\u00f6m<\/strong>, docent och infektions\u00f6verl\u00e4kare fr\u00e5n Falkenberg. Han ber\u00e4ttade engagerat om sina 12 resor med arbetsuppdrag i Kenya genom Rotary Doktors Sweden.<br>* \u00c5rsm\u00f6tesprotokoll 2019<\/p>\n\n\n\n<p><strong>2018<\/strong> \u00c5rets \u00e5rsm\u00f6te \u00e4gde rum i Odd Fellow-huset p\u00e5 V\u00e4stra Tr\u00e4dg\u00e5rdsgatan den 13 april 2018 d\u00e5 den k\u00e4nda radior\u00f6sten och hall\u00e4nningen <strong>Urban Alling<\/strong> h\u00f6ll m\u00f6tets f\u00f6redrag.<br>* \u00c5rsm\u00f6tesprotokoll 2018<\/p>\n\n\n\n<p><strong>2017<\/strong> \u00c4ven detta \u00e5rsm\u00f6te \u00e4gde rum i Odd Fellowhuset p\u00e5 V\u00e4stra Tr\u00e4dg\u00e5rdsgatan.<br>Svenska Dagbladets chefredakt\u00f6r <strong>Fredric Kar\u00e9n<\/strong> \u2013 f\u00f6dd och sommarboende i Halland \u2013 ber\u00e4ttade om sin uppv\u00e4xt och tidningskarri\u00e4r. Inte minst sp\u00e4nnande var ber\u00e4ttelsen om hans mormor Britt Wadner. Om henne skrev han ocks\u00e5 en bok, Piratdrottningen \u2013 boken om Britt Wadner och Radio Syd. F\u00f6redraget blev mycket uppskattat och fr\u00e5gestunden l\u00e5ng.<br>* \u00c5rsm\u00f6tesprotokoll 2017<\/p>\n\n\n\n<p>2<strong>016<\/strong> \u00e4gde \u00e5rsm\u00f6tet rum den 15 april p\u00e5 Odd Fellowhuset p\u00e5 V\u00e4stra tr\u00e4dg\u00e5rdsgatan 11.<br>Inbjuden talare var docent <strong>Gudrun Persson<\/strong>, som talade under rubriken \u201dFr\u00e5n Halland till Ryssland\u201d.<br>* \u00c5rsm\u00f6tesprotokoll 2016<\/p>\n\n\n\n<p><strong>2015<\/strong> \u00e4gde \u00e5rsm\u00f6tet rum under festliga former p\u00e5 Odd Fellowhuset p\u00e5 V\u00e4stra tr\u00e4dg\u00e5rdsgatan 11. Kallelse \u00e5rsm\u00f6te 2015. V\u00e5r m\u00e5ng\u00e5riga mycket popul\u00e4ra och uppskattade ordf\u00f6rande <strong>Margareta Schwartz<\/strong> hade av \u00e5lderssk\u00e4l undanbett sig omval. Hon till\u00e4gnades hyllningstal p\u00e5 vers, blommor och presentkort. Till ny ordf\u00f6rande valdes <strong>Anita Widlund<\/strong>. Biskop emeritus <strong>Bengt Wadensj\u00f6<\/strong> h\u00f6ll intressant f\u00f6redrag om Pr\u00e4ster och pirater i Halland fr\u00e5n 1600-talets \u201dsvenskifiering\u201d av Halland till nutiden.<br>* \u00c5rsm\u00f6tesprotokoll 2015<br>* L\u00e4nk till fotoalbum med bildsvep fr\u00e5n \u00e5rsm\u00f6tet 2015 med Rolf Bromme som fotograf.<\/p>\n\n\n\n<p><strong>2014<\/strong> p\u00e5 Solliden, Skansen hade denna kallelse 2014 \u00c5rsm\u00f6te med <strong>Erik Zsiga<\/strong> som angiven talare. Han var pressekreterare hos utrikesministern Carl Bildt. Br\u00e5dskande utryckning till Ukraina hindrade Erik Zsiga fr\u00e5n att komma. I sista stund ersattes han av sin moderate riksdagskollega<strong> Henrik von Sydow<\/strong>.<br>* \u00c5rsm\u00f6tesprotokoll 2014<\/p>\n\n\n\n<p><strong>2013<\/strong> p\u00e5 Solliden, Skansen med Sveriges Radios <strong>Ginna Lindberg<\/strong>, som ber\u00e4ttade om sin uppv\u00e4xt i Halmstad och sina sex \u00e5r som svensk utrikeskorrespondent i Washington. <br>* Kallelse i denna pdf.<br>*  2013 \u00e5rsm\u00f6te.<\/p>\n\n\n\n<p><strong>2012<\/strong> p\u00e5 Stadsmissionen vid J\u00e4rntorget med journalisten <strong>Ami L\u00f6nnroth<\/strong> under rubriken \u201dF\u00f6rbannad \u00e4r jag ganska ofta men jag har inte sanningen. Jag s\u00f6ker den\u201d. <br>* 2012 \u00e5rsm\u00f6te<\/p>\n\n\n\n<p><strong>2011<\/strong> i Stadshusk\u00e4llaren med f\u00f6rfattaren mm <strong>Alexander Bengtsson<\/strong> fr\u00e5n Frilles\u00e5s i Halland, anst\u00e4lld p\u00e5 Expo i Stockholm. <br>* 2011 \u00e5rsm\u00f6te<\/p>\n\n\n\n<p><strong>2010 <\/strong>i Stadshusk\u00e4llaren med den hall\u00e4ndska f\u00f6rfattaren <strong>Anna Pia \u00c5hslund<\/strong> under rubriken \u201dI f\u00f6rfattarens fotsp\u00e5r. Litter\u00e4ra utflykter i Halland\u201d. <br>* 2010 \u00e5rsm\u00f6te<\/p>\n\n\n\n<p><strong>2009<\/strong> i Stadshusk\u00e4llaren med Svenska Dagbladets redaktionschef hallandsf\u00f6dde<strong> Martin J\u00f6nsson<\/strong>. <br>* 2009 \u00e5rsm\u00f6te<\/p>\n\n\n\n<p><strong>2008<\/strong> i Stadshusk\u00e4llaren med <strong>Sigurd Johansson<\/strong> under rubriken \u201dSLAGET VID AXTORNA 1565\u201d. <br>* 2008 \u00e5rsm\u00f6te<\/p>\n\n\n\n<p><strong>2007<\/strong> i Stadshusk\u00e4llaren med <strong>Ingvar Svanberg<\/strong> under rubriken \u201dLinn\u00e9aner i Halland\u201d. <br>* 2007 \u00e5rsm\u00f6te<\/p>\n\n\n\n<p><strong>2006<\/strong> i Stadshusk\u00e4llaren med Lars Grimbeck under rubriken \u201dEN UNIKABOX FULL MED HALL\u00c4NDSKA DIALEKTER\u201d. <br>* 2006 \u00e5rsm\u00f6te<\/p>\n\n\n\n<p><strong>2005<\/strong> p\u00e5 Garnisonen med v\u00e5r medlem <strong>Ingemar Carlsson<\/strong> som ber\u00e4ttade om Sveriges mest utsk\u00e4llde politiker Carl Fredrik Pechlin, d\u00f6d i Varberg 1796.<\/p>\n\n\n\n<p><strong>2004<\/strong> p\u00e5 Garnisonen med f\u00f6rfattaren <strong>Carl-Johan Vallgren<\/strong> om sitt f\u00f6rfattarskap.<\/p>\n\n\n\n<p><strong>2003<\/strong> p\u00e5 Garnisonen med <strong>Jan M\u00e5rtensson<\/strong> om \u201dMord och memoarer\u201d.<\/p>\n\n\n\n<p><strong>2002<\/strong> p\u00e5 Garnisonen med v\u00e5r medlem <strong>Kerstin Jonasson<\/strong> om \u201dKoreakrigsminnen som jag minns dem\u201d<\/p>\n\n\n\n<p><\/p>\n\n\n\n<p><strong>2001<\/strong> p\u00e5 Garnisonen med f\u00f6rfattaren <strong>Kerstin Strandberg<\/strong> om sin bok \u201dTio syskon i en \u00f6mt\u00e5lig ber\u00e4ttelse\u201d.<\/p>\n\n\n\n<p><strong>2000<\/strong> p\u00e5 restaurang Garnisonen med fil.dr <strong>Bo Winberg<\/strong>, Stockholms Konstr\u00e5d, som k\u00e5serade<br>under rubriken \u201dHalland i konsten\u201d.<\/p>\n","protected":false},"excerpt":{"rendered":"<p>2025 \u00e5rsm\u00f6tet h\u00f6lls den 19:e mars p\u00e5 Grillska Huset i Gamla Stan. \u00c5rets f\u00f6redragsh\u00e5llare var justitier\u00e5det hos H\u00f6gsta Domstolen Stefan[&#8230;]<\/p>\n","protected":false},"author":1,"featured_media":0,"parent":40,"menu_order":0,"comment_status":"closed","ping_status":"closed","template":"","meta":{"footnotes":""},"class_list":["post-68","page","type-page","status-publish","hentry"],"_links":{"self":[{"href":"https:\/\/www.hallandistockholm.se\/web\/wp-json\/wp\/v2\/pages\/68","targetHints":{"allow":["GET"]}}],"collection":[{"href":"https:\/\/www.hallandistockholm.se\/web\/wp-json\/wp\/v2\/pages"}],"about":[{"href":"https:\/\/www.hallandistockholm.se\/web\/wp-json\/wp\/v2\/types\/page"}],"author":[{"embeddable":true,"href":"https:\/\/www.hallandistockholm.se\/web\/wp-json\/wp\/v2\/users\/1"}],"replies":[{"embeddable":true,"href":"https:\/\/www.hallandistockholm.se\/web\/wp-json\/wp\/v2\/comments?post=68"}],"version-history":[{"count":17,"href":"https:\/\/www.hallandistockholm.se\/web\/wp-json\/wp\/v2\/pages\/68\/revisions"}],"predecessor-version":[{"id":359,"href":"https:\/\/www.hallandistockholm.se\/web\/wp-json\/wp\/v2\/pages\/68\/revisions\/359"}],"up":[{"embeddable":true,"href":"https:\/\/www.hallandistockholm.se\/web\/wp-json\/wp\/v2\/pages\/40"}],"wp:attachment":[{"href":"https:\/\/www.hallandistockholm.se\/web\/wp-json\/wp\/v2\/media?parent=68"}],"curies":[{"name":"wp","href":"https:\/\/api.w.org\/{rel}","templated":true}]}}