{"id":40,"date":"2019-03-14T16:10:05","date_gmt":"2019-03-14T14:10:05","guid":{"rendered":"https:\/\/www.hallandistockholm.se\/web\/?page_id=40"},"modified":"2022-07-06T20:54:38","modified_gmt":"2022-07-06T18:54:38","slug":"aktiviteter","status":"publish","type":"page","link":"https:\/\/www.hallandistockholm.se\/web\/aktiviteter\/","title":{"rendered":"Aktiviteter"},"content":{"rendered":"\n<p>F\u00f6reningen har tv\u00e5 \u00e5rligen \u00e5terkommande aktiviteter, <a href=\"https:\/\/www.hallandistockholm.se\/web\/aktiviteter\/arsmote\/\" data-type=\"page\" data-id=\"68\">\u00c5rsm\u00f6tet<\/a> i april och <a href=\"https:\/\/www.hallandistockholm.se\/web\/aktiviteter\/gronkalsafton\/\" data-type=\"page\" data-id=\"66\">Gr\u00f6nk\u00e5lsafton<\/a> i december. Om dessa kan man l\u00e4sa under s\u00e4rskilda menyer. Kommande program framg\u00e5r i h\u00f6gerpanelen.<\/p>\n","protected":false},"excerpt":{"rendered":"<p>F\u00f6reningen har tv\u00e5 \u00e5rligen \u00e5terkommande aktiviteter, \u00c5rsm\u00f6tet i april och Gr\u00f6nk\u00e5lsafton i december. Om dessa kan man l\u00e4sa under s\u00e4rskilda[&#8230;]<\/p>\n","protected":false},"author":1,"featured_media":0,"parent":0,"menu_order":0,"comment_status":"closed","ping_status":"closed","template":"","meta":{"footnotes":""},"class_list":["post-40","page","type-page","status-publish","hentry"],"_links":{"self":[{"href":"https:\/\/www.hallandistockholm.se\/web\/wp-json\/wp\/v2\/pages\/40","targetHints":{"allow":["GET"]}}],"collection":[{"href":"https:\/\/www.hallandistockholm.se\/web\/wp-json\/wp\/v2\/pages"}],"about":[{"href":"https:\/\/www.hallandistockholm.se\/web\/wp-json\/wp\/v2\/types\/page"}],"author":[{"embeddable":true,"href":"https:\/\/www.hallandistockholm.se\/web\/wp-json\/wp\/v2\/users\/1"}],"replies":[{"embeddable":true,"href":"https:\/\/www.hallandistockholm.se\/web\/wp-json\/wp\/v2\/comments?post=40"}],"version-history":[{"count":2,"href":"https:\/\/www.hallandistockholm.se\/web\/wp-json\/wp\/v2\/pages\/40\/revisions"}],"predecessor-version":[{"id":270,"href":"https:\/\/www.hallandistockholm.se\/web\/wp-json\/wp\/v2\/pages\/40\/revisions\/270"}],"wp:attachment":[{"href":"https:\/\/www.hallandistockholm.se\/web\/wp-json\/wp\/v2\/media?parent=40"}],"curies":[{"name":"wp","href":"https:\/\/api.w.org\/{rel}","templated":true}]}}