{"id":136,"date":"2019-07-06T17:28:03","date_gmt":"2019-07-06T15:28:03","guid":{"rendered":"https:\/\/www.hallandistockholm.se\/web\/?page_id=136"},"modified":"2022-03-11T14:15:08","modified_gmt":"2022-03-11T12:15:08","slug":"hallandsforeningen","status":"publish","type":"page","link":"https:\/\/www.hallandistockholm.se\/web\/forening\/historik\/hallandsforeningen\/","title":{"rendered":"Hallandsf\u00f6reningen"},"content":{"rendered":"\n<p><\/p>\n\n\n\n<p>F\u00f6reningen konstituerades den 8 juni 1926.  N\u00e4rvarande var: <\/p>\n\n\n\n<ul class=\"wp-block-list\"><li>Charles Andersson<\/li><li>Carl Robert Glan\u00e9r<\/li><li>Julius H\u00f6gadh<\/li><li>Enoch Ingevall<\/li><li>Anna J\u00f6nsson<\/li><li>Gunnar Lindberg<\/li><li>Helga Nilsson<\/li><li>John Odenholm<\/li><li>Rudolf Persson<\/li><li>Willian Rentrop<\/li><li>Ellen \u00c5gren <\/li><\/ul>\n\n\n\n<p>Intr\u00e4desavgiften best\u00e4mdes till 5 kronor och medlemsavgiften till 6 kronor f\u00f6r manlig medlem och 4 kronor f\u00f6r kvinnlig medlem.<\/p>\n\n\n\n<p>Ordf\u00f6rande blev John Odenholm, som emellertid avgick redan 1927 och eftertr\u00e4ddes av Rudolf Persson. D\u00e5 nedsattes intr\u00e4desavgiften till 1 krona och \u00e5rsavgiften till 3 kronor f\u00f6r s\u00e5v\u00e4l manlig som kvinnlig medlem.<\/p>\n\n\n\n<p>Ovanst\u00e5ende uppgifter h\u00e4mtade fr\u00e5n J.B. Johansson, Fredrikslund, ledamot av riksdagens f\u00f6rsta kammare.<\/p>\n\n\n\n<div class=\"wp-block-group\"><div class=\"wp-block-group__inner-container is-layout-flow wp-block-group-is-layout-flow\">\n<p>Mer information om Hallandsf\u00f6reningen:<\/p>\n\n\n\n<div class=\"wp-block-file\"><a id=\"wp-block-file--media-bdc08fa6-9636-4c46-9fad-128544e1d610\" href=\"https:\/\/www.hallandistockholm.se\/web\/wp-content\/uploads\/2019\/07\/Hallandsf\u00f6ringen_1926-1936.pdf\">&#8221;Hallandsf\u00f6reningen 1926-1936&#8221; av Rudolf Persson (PDF)<\/a><a href=\"https:\/\/www.hallandistockholm.se\/web\/wp-content\/uploads\/2019\/07\/Hallandsf\u00f6ringen_1926-1936.pdf\" class=\"wp-block-file__button\" download aria-describedby=\"wp-block-file--media-bdc08fa6-9636-4c46-9fad-128544e1d610\">Ladda ner<\/a><\/div>\n<\/div><\/div>\n\n\n\n<p><\/p>\n","protected":false},"excerpt":{"rendered":"<p>F\u00f6reningen konstituerades den 8 juni 1926. N\u00e4rvarande var: Charles Andersson Carl Robert Glan\u00e9r Julius H\u00f6gadh Enoch Ingevall Anna J\u00f6nsson Gunnar[&#8230;]<\/p>\n","protected":false},"author":1,"featured_media":0,"parent":133,"menu_order":1,"comment_status":"closed","ping_status":"closed","template":"","meta":{"footnotes":""},"class_list":["post-136","page","type-page","status-publish","hentry"],"_links":{"self":[{"href":"https:\/\/www.hallandistockholm.se\/web\/wp-json\/wp\/v2\/pages\/136","targetHints":{"allow":["GET"]}}],"collection":[{"href":"https:\/\/www.hallandistockholm.se\/web\/wp-json\/wp\/v2\/pages"}],"about":[{"href":"https:\/\/www.hallandistockholm.se\/web\/wp-json\/wp\/v2\/types\/page"}],"author":[{"embeddable":true,"href":"https:\/\/www.hallandistockholm.se\/web\/wp-json\/wp\/v2\/users\/1"}],"replies":[{"embeddable":true,"href":"https:\/\/www.hallandistockholm.se\/web\/wp-json\/wp\/v2\/comments?post=136"}],"version-history":[{"count":10,"href":"https:\/\/www.hallandistockholm.se\/web\/wp-json\/wp\/v2\/pages\/136\/revisions"}],"predecessor-version":[{"id":258,"href":"https:\/\/www.hallandistockholm.se\/web\/wp-json\/wp\/v2\/pages\/136\/revisions\/258"}],"up":[{"embeddable":true,"href":"https:\/\/www.hallandistockholm.se\/web\/wp-json\/wp\/v2\/pages\/133"}],"wp:attachment":[{"href":"https:\/\/www.hallandistockholm.se\/web\/wp-json\/wp\/v2\/media?parent=136"}],"curies":[{"name":"wp","href":"https:\/\/api.w.org\/{rel}","templated":true}]}}