{"id":109,"date":"2019-03-22T21:57:34","date_gmt":"2019-03-22T19:57:34","guid":{"rendered":"https:\/\/www.hallandistockholm.se\/web\/?page_id=109"},"modified":"2019-07-06T14:36:25","modified_gmt":"2019-07-06T12:36:25","slug":"medlemslista","status":"publish","type":"page","link":"https:\/\/www.hallandistockholm.se\/web\/forening\/medlemslista\/","title":{"rendered":"Medlemslista"},"content":{"rendered":"\n<p>P\u00e5 grund av GDPR kan inte medlemslistan publiceras p\u00e5 n\u00e4tet. Kontakta medlemsansvarig Marianne Malmstr\u00f6m (<a href=\"mailto:medlemsansvarig@hallandistockholm.se\">medlemsansvarig@hallandistockholm.se<\/a>) f\u00f6r mer information.<\/p>\n","protected":false},"excerpt":{"rendered":"<p>P\u00e5 grund av GDPR kan inte medlemslistan publiceras p\u00e5 n\u00e4tet. Kontakta medlemsansvarig Marianne Malmstr\u00f6m (medlemsansvarig@hallandistockholm.se) f\u00f6r mer information.<\/p>\n","protected":false},"author":1,"featured_media":0,"parent":41,"menu_order":0,"comment_status":"closed","ping_status":"closed","template":"","meta":{"footnotes":""},"class_list":["post-109","page","type-page","status-publish","hentry"],"_links":{"self":[{"href":"https:\/\/www.hallandistockholm.se\/web\/wp-json\/wp\/v2\/pages\/109","targetHints":{"allow":["GET"]}}],"collection":[{"href":"https:\/\/www.hallandistockholm.se\/web\/wp-json\/wp\/v2\/pages"}],"about":[{"href":"https:\/\/www.hallandistockholm.se\/web\/wp-json\/wp\/v2\/types\/page"}],"author":[{"embeddable":true,"href":"https:\/\/www.hallandistockholm.se\/web\/wp-json\/wp\/v2\/users\/1"}],"replies":[{"embeddable":true,"href":"https:\/\/www.hallandistockholm.se\/web\/wp-json\/wp\/v2\/comments?post=109"}],"version-history":[{"count":3,"href":"https:\/\/www.hallandistockholm.se\/web\/wp-json\/wp\/v2\/pages\/109\/revisions"}],"predecessor-version":[{"id":120,"href":"https:\/\/www.hallandistockholm.se\/web\/wp-json\/wp\/v2\/pages\/109\/revisions\/120"}],"up":[{"embeddable":true,"href":"https:\/\/www.hallandistockholm.se\/web\/wp-json\/wp\/v2\/pages\/41"}],"wp:attachment":[{"href":"https:\/\/www.hallandistockholm.se\/web\/wp-json\/wp\/v2\/media?parent=109"}],"curies":[{"name":"wp","href":"https:\/\/api.w.org\/{rel}","templated":true}]}}